). Let m be (-15)/(-6) + (-1)/d. Suppose -3*x + 9 = m*h, 5 = -4*x + 3*x. Calculate the remainder when 21 is divided by h.
9
Let a(b) = -9*b**2 + 24*b - 32. Let s(k) = -4*k**2 + 12*k - 16. Let m(i) = 3*a(i) - 7*s(i). Calculate the remainder when m(13) is divided by 16.
13
Let r = -8 + 19. Calculate the remainder when r is divided by 6.
5
Suppose -5*g + 48 = -4*x, x = -4*g - x + 28. Suppose g = j - 2. Calculate the remainder when j is divided by 3.
1
Let r be (9/2)/((-1)/(-2)). Suppose -r = 3*b - 6*b. Suppose -3*u - 5 = -b*v + v, 0 = -5*v + 4*u + 23. What is the remainder when 20 is divided by v?
6
Let y = -6 - -7. Calculate the remainder when 86 is divided by -58*((-3)/6)/y.
28
Suppose 0*w + 124 = 4*w. Suppose t = 2*v - 17, 0*v + 4*v - w = 3*t. Suppose 3*y + 2*q = 4*y - 8, -q = -5*y + 31. Calculate the remainder when v is divided by y.
4
Let s = -6 + 11. Let i(x) = 12*x - 4. Let y be i(1). Suppose s*o + 12 = y*o. What is the remainder when 10 is divided by o?
2
Suppose -7 = -x + 1. Suppose -c = -3*c + x. Suppose c*o = 5*n + 112, o + 5*n = n + 28. Calculate the remainder when o is divided by 15.
13
Let o(a) = a. Let j be o(2). Suppose 112 = j*i + 6. Calculate the remainder when i is divided by 18.
17
Suppose 2*p + 8 = 14. What is the remainder when 5 is divided by p?
2
Let y = -133 - -238. Suppose 3*h = -3*b + y, -3*h + b = -6*h + 113. What is the remainder when h is divided by 10?
9
Let k = -6 - -12. Let u be (-3 - 3)/((-6)/33). Suppose 0 = -2*l - 3 + u. What is the remainder when l is divided by k?
3
Suppose m = 5*m + 100. Let z = m + 46. What is the remainder when z is divided by 8?
5
Suppose 5*o - 37 - 28 = 0. What is the remainder when 63 is divided by o?
11
Let f = -2 + 2. Let y = 18 - f. Suppose -12 - 28 = -4*x. Calculate the remainder when y is divided by x.
8
Let v = 68 + -5. What is the remainder when v is divided by 13?
11
Suppose -4*k - 5*m + 15 = -5, 5*k - 12 = -3*m. Let j(t) = 5*t - 1. Let y be j(2). Let c = k + y. What is the remainder when 25 is divided by c?
7
Let j be (0 + 3)*(-4)/(-3). Suppose -j*t = -6*t + 14. Calculate the remainder when 20 is divided by t.
6
Let j = 11 + -4. What is the remainder when 20 is divided by j?
6
Let x be 38/(-14) + (-6)/21. Let y = x + 3. Suppose y = -5*n + 8 + 52. Calculate the remainder when 35 is divided by n.
11
Suppose -m + 8 = -15. What is the remainder when m is divided by 13?
10
Let v = 20 + -13. Calculate the remainder when 19 is divided by v.
5
Let s(g) = g**2 - 3*g + 7. Let n(l) = -l**3 + 6*l**2 + 6. Let t be n(6). Suppose -o + 69 = 20. What is the remainder when o is divided by s(t)?
24
Suppose -2*x + 63 - 19 = 0. What is the remainder when 64 is divided by x?
20
Let k(r) = r**2 + 2*r - 73. Let f(t) = t**2 - 3*t + 2. What is the remainder when k(10) is divided by f(5)?
11
Suppose 5*b - 62 = -d, 0 = -2*b + 6*d - 3*d + 18. What is the remainder when 118 is divided by b?
10
Let z be (1 - 7)*(-10)/20. Suppose t - 2*t - 2*v + 3 = 0, -5*v = 2*t - z. Calculate the remainder when t is divided by 6.
3
Let q = -50 - -77. Calculate the remainder when q is divided by 10.
7
Let g = -6 + 10. Suppose x - 3*x = -3*n + 10, -4*n - 2*x = -32. Suppose -z + n = -0*z. Calculate the remainder when z is divided by g.
2
Let h(x) = 1. Let g(k) = 2*k + 4. Let f(a) = g(a) - 10*h(a). What is the remainder when 11 is divided by f(5)?
3
Let s = -22 + 43. What is the remainder when 2 - (s + -2)/(-1) is divided by 12?
9
Let y be (-2)/(-14) + (-2)/14. Calculate the remainder when 9 is divided by 5 + 1 - y/(-2).
3
Suppose 5*l = 3*y - 5, -4*y + 5*l = -0*l. What is the remainder when (2/y)/(4/(-170)) is divided by 5?
2
Let a = 11 + -3. Let h(v) = 1 + 2 - a*v + v**2 - 1. What is the remainder when 3 is divided by h(8)?
1
What is the remainder when 16 is divided by (5/2)/(2*1/8)?
6
Suppose 9 = -2*s - s. Let b(w) = w**2 + 4*w + 4. Calculate the remainder when 1 is divided by b(s).
0
Let w(l) = -2*l. Calculate the remainder when 21 is divided by w(-4).
5
Suppose 5*r + 5*x - 305 = 0, -5*r - 4*x + 232 + 68 = 0. Calculate the remainder when r is divided by 20.
16
What is the remainder when 3/2*8/6 is divided by (4/(-7))/((-12)/42)?
0
Suppose -3*k = -30 - 12. Let j = 8 + k. Calculate the remainder when j is divided by 12.
10
Suppose a - 2*a = 4. Let t(s) = -s**2 - 2*s + 3. Let x be t(a). Calculate the remainder when 9 is divided by x/(-2) - (-2)/4.
0
Let p(g) = 6*g - 18. Calculate the remainder when p(6) is divided by 5.
3
What is the remainder when 62 is divided by (-2 + -1)/((-6)/34)?
11
Let s(w) = 4*w - 11. Suppose -l + 14 + 12 = 3*r, 5*r - 50 = -5*l. Calculate the remainder when s(8) is divided by r.
5
Let k(h) = 16*h**2 - h - 7. Let s be k(-3). Suppose -3*f = f - s. What is the remainder when 102 is divided by f?
32
Suppose 0 = 6*t - 3*t - 39. Let n be 1 + 6/(0 + 3). Suppose -3*c = n*w - 15 + 6, -2*w - 3*c = -4. Calculate the remainder when t is divided by w.
3
Suppose 9*g - 2*z = 4*g + 24, 2*g = -4*z. Suppose -g*y = -y - 81. Calculate the remainder when y is divided by 14.
13
Let x(i) = i**2 + 14*i - 26. Calculate the remainder when x(-16) is divided by 3.
0
Calculate the remainder when (-4)/1*(-5 - 3) is divided by 53/5 + (-2)/(-5).
10
Let j(n) = -n**3 - 3*n**2 + 9*n - 1. What is the remainder when 23 is divided by j(-5)?
3
Let h(i) = i - 9. Let c be h(7). Let g = 7 + c. Let a = g + 3. What is the remainder when 14 is divided by a?
6
Let i(q) = -q**2 - 9*q - 5. Let p be i(-8). Suppose b = -3*b - v + 71, 3*b + p*v = 42. What is the remainder when 74 is divided by b?
17
Let x(b) = b**3 - 12*b**2 + 15*b. Calculate the remainder when x(11) is divided by 26.
18
Let r(d) = -d**3 - 9*d**2 + 12. Suppose -i - 45 = 4*i. Calculate the remainder when 47 is divided by r(i).
11
Suppose 32 = o + 3. Let v = -5 + 9. Suppose -v*w = -11 - 29. Calculate the remainder when o is divided by w.
9
Let b = 218 - 157. Calculate the remainder when b is divided by 8.
5
Suppose 0 = 3*m - h + 7, 2*m + 2*h + 18 = -0*h. Calculate the remainder when 28 is divided by (0 - 10/m)*6.
13
Let q(d) = -6*d**3 + 2*d**2 - 1. Let h be -1 + 0/3*1. Let i(v) = 19*v**2 + 1. Calculate the remainder when i(-1) is divided by q(h).
6
Let n = 11 - -4. Let z = 14 + -17. Calculate the remainder when ((-124)/(-16) - z)*4 is divided by n.
13
What is the remainder when (20/(-4))/((-19)/6 - -3) is divided by 8?
6
Let t(y) = 10*y**2 - 1. Let g be t(-1). Suppose g = 2*z + 1. Suppose z*v = -5*d + 45, 2*d - 3*d - v = -10. What is the remainder when 13 is divided by d?
3
Let x be 21/(-2)*8/(-12). Suppose 12 = l - x. What is the remainder when 55 is divided by l?
17
Let f = 5 + -2. Calculate the remainder when (18 - (0 + 1)) + 1 + -4 is divided by f.
2
Calculate the remainder when 70 is divided by (9/(-5))/(14/(-70)).
7
Let c be (4/(-3))/(4/(-3)). What is the remainder when 46 is divided by 12/((-9)/(-12)*c)?
14
Suppose 20 = 3*m + m. Let i(r) = r**3 - 5*r**2 + 3*r + 6. What is the remainder when i(m) is divided by 12?
9
Suppose 4*p = 4*n + 68, 2*p + 2*p - 3*n - 65 = 0. Calculate the remainder when (-1)/2 - 7/((-14)/55) is divided by p.
13
Suppose 0 = -5*d - 2*v + 42 - 6, v - 9 = -d. Let j be (-3)/d + 33/(-6). What is the remainder when 33 is divided by -2*3/j*17?
16
What is the remainder when 135 is divided by -23*2/4*(-2 - 0)?
20
Let z be 2 + -1 + (-2)/2. Suppose t + 3*t - 12 = z. Calculate the remainder when 10 is divided by t.
1
Suppose 4*v + 8 = -8. Let i be (144/(-10))/(v/20). Let l = -31 + i. Calculate the remainder when l is divided by 14.
13
Let g = 75 - 51. Calculate the remainder when g is divided by 7.
3
Suppose -3*a = -8*a. Let b be 9*(-6 + 2 + a). Let j = 53 + b. What is the remainder when j is divided by 6?
5
Suppose 240 = 6*i + 78. Calculate the remainder when i is divided by 14.
13
Let s(y) = 22*y**2 + 2*y - 1. Let d = -6 + 7. Calculate the remainder when s(d) is divided by 12.
11
Let o = -9 + 1. Let b(j) = j**2 + 7*j - 7. What is the remainder when 1 is divided by b(o)?
0
Let r be 119/21 + (-2)/3. Suppose 2*i - c - 8 = 0, 0 = 5*i + r*c - 22 + 2. What is the remainder when 11 is divided by i?
3
Suppose -3*o - 90 = -6*o. Suppose -5*f = 5*c - o, -4*c = -2*c - 2*f + 4. Calculate the remainder when 5 is divided by c.
1
Let x(n) = 40*n**3 - 2*n**2 - n + 2. What is the re